{"id":286,"date":"2016-10-31T13:17:59","date_gmt":"2016-10-31T16:17:59","guid":{"rendered":"https:\/\/ifd5-sgo.infd.edu.ar\/sitio\/?page_id=286"},"modified":"2022-10-08T21:00:18","modified_gmt":"2022-10-09T00:00:18","slug":"inicio","status":"publish","type":"page","link":"https:\/\/ifd5-sgo.infd.edu.ar\/sitio\/","title":{"rendered":"Instituto de Formaci\u00f3n Docente N\u00b0 5"},"content":{"rendered":"<div id=\"metaslider-id-403\" style=\"width: 100%;\" class=\"ml-slider-3-33-0 metaslider metaslider-flex metaslider-403 ml-slider ms-theme-default\" role=\"region\" aria-roledescription=\"Slideshow\" aria-label=\"Slideshow\">\n    <div id=\"metaslider_container_403\">\n        <div id=\"metaslider_403\" class=\"flexslider\">\n            <ul aria-live=\"polite\" class=\"slides\">\n                <li style=\"display: block; width: 100%;\" class=\"slide-607 ms-image\" aria-roledescription=\"slide\" aria-label=\"slide-607\"><a href=\"https:\/\/mapa.infd.edu.ar\/\" target=\"_blank\"><img src=\"https:\/\/ifd5-sgo.infd.edu.ar\/sitio\/wp-content\/uploads\/2018\/06\/mapa_infd6-1100x200.png\" height=\"200\" width=\"1100\" alt=\"\" class=\"slider-403 slide-607\" title=\"mapa_infd6\" \/><\/a><\/li>\n                <li style=\"display: none; width: 100%;\" class=\"slide-609 ms-image\" aria-roledescription=\"slide\" aria-label=\"slide-609\"><a href=\"https:\/\/www.argentina.gob.ar\/educacion\/becas\" target=\"_blank\"><img src=\"https:\/\/ifd5-sgo.infd.edu.ar\/sitio\/wp-content\/uploads\/2018\/06\/becas7-1100x200.png\" height=\"200\" width=\"1100\" alt=\"\" class=\"slider-403 slide-609\" title=\"becas7\" \/><\/a><\/li>\n                <li style=\"display: none; width: 100%;\" class=\"slide-635 ms-image\" aria-roledescription=\"slide\" aria-label=\"slide-635\"><a href=\"https:\/\/www.argentina.gob.ar\/tema\/estudiar\/formacion-docencia\" target=\"_blank\"><img src=\"https:\/\/ifd5-sgo.infd.edu.ar\/sitio\/wp-content\/uploads\/2018\/06\/convocatorias_slide6-1-1100x200.png\" height=\"200\" width=\"1100\" alt=\"\" class=\"slider-403 slide-635\" title=\"convocatorias_slide6-1\" \/><\/a><\/li>\n            <\/ul>\n        <\/div>\n        \n    <\/div>\n<\/div>\n<p>&nbsp;<\/p>\n<table id=\"table1\" style=\"width: 100%;\" border=\"1\" cellspacing=\"0\" cellpadding=\"10\" align=\"center\">\n<tbody>\n<tr>\n<td style=\"border: 1px solid;\">\n<h1 style=\"text-align: center;\"><img decoding=\"async\" loading=\"lazy\" class=\"alignnone  wp-image-840\" src=\"https:\/\/ifd5-sgo.infd.edu.ar\/sitio\/wp-content\/uploads\/2022\/10\/Escudo-terminado-927x1000.jpg\" alt=\"\" width=\"364\" height=\"392\" srcset=\"https:\/\/ifd5-sgo.infd.edu.ar\/sitio\/wp-content\/uploads\/2022\/10\/Escudo-terminado-927x1000.jpg 927w, https:\/\/ifd5-sgo.infd.edu.ar\/sitio\/wp-content\/uploads\/2022\/10\/Escudo-terminado-768x829.jpg 768w, https:\/\/ifd5-sgo.infd.edu.ar\/sitio\/wp-content\/uploads\/2022\/10\/Escudo-terminado.jpg 1102w\" sizes=\"(max-width: 364px) 100vw, 364px\" \/><\/h1>\n<h1 style=\"text-align: center;\">Instituto de Formaci\u00f3n Docente N\u00ba5<\/h1>\n<h2 style=\"text-align: center;\"><strong>Ciudad de Loreto\u00a0<\/strong><\/h2>\n<h2 style=\"text-align: center;\"><strong>Provincia de Santiago del Estero\u00a0<\/strong><\/h2>\n<h2 style=\"text-align: center;\"><strong>Rep\u00fablica Argentina<\/strong><\/h2>\n<p>\u00a0<span style=\"font-size: 10pt; font-family: Verdana; color: #000000;\" data-mce-mark=\"1\">E<\/span><span style=\"font-size: 10pt; font-family: Verdana; color: #000000;\" data-mce-mark=\"1\">ste Instituto de Formaci\u00f3n Docente N\u00b0 5 de la localidad de Loreto de la Provincia de Santiago del Estero forma parte del sistema de educaci\u00f3n p\u00fablica de gesti\u00f3n estatal. <\/span><span style=\"font-size: 10pt; font-family: Verdana; color: #000000;\" data-mce-mark=\"1\">A trav\u00e9s de este sitio en Internet, nuestro Instituto comunicara novedades, acercara informaci\u00f3n, compartir\u00e1 experiencias y brindara apoyo y asesoramiento a alumnos, docentes e interesados en formar parte de esta comunidad <\/span><span style=\"font-size: 10pt; font-family: Verdana; color: #000000;\" data-mce-mark=\"1\"><span style=\"color: #000000; font-family: Verdana;\"><span style=\"font-size: 13.3333px;\">educativa. Junto<\/span><span style=\"font-size: 10pt;\">\u00a0con varios cientos de Institutos, integramos la <\/span><\/span><strong style=\"color: #000000; font-family: Verdana; font-size: 10pt;\"><em><span style=\"font-family: Verdana;\" data-mce-mark=\"1\">Red\u00a0Virtual de Institutos Superiores de Formaci\u00f3n Docente<\/span><\/em><\/strong><span style=\"color: #000000; font-family: Verdana;\"><span style=\"font-size: 10pt;\">\u00a0coordinada por el <\/span><\/span><strong style=\"color: #000000; font-family: Verdana; font-size: 10pt;\"><span style=\"font-family: Verdana;\" data-mce-mark=\"1\">INFD<\/span><\/strong><span style=\"color: #000000; font-family: Verdana;\"><span style=\"font-size: 10pt;\"> (Instituto Nacional de Formaci\u00f3n Docente) dependiente del Ministerio de Educaci\u00f3n de la Naci\u00f3n Argentina.<\/span><\/span><\/span><\/p>\n<p style=\"text-align: right;\"><span style=\"font-family: Verdana; font-size: 8pt; color: #c0c0c0;\" data-mce-mark=\"1\">Prof. Julio J. Jozami &#8211; Prof. Rodrigo Acu\u00f1a<\/span><\/p>\n<\/td>\n<\/tr>\n<\/tbody>\n<\/table>\n","protected":false},"excerpt":{"rendered":"<p>&nbsp; Instituto de Formaci\u00f3n Docente N\u00ba5 Ciudad de Loreto\u00a0 Provincia de Santiago del Estero\u00a0 Rep\u00fablica Argentina \u00a0Este Instituto de Formaci\u00f3n Docente N\u00b0 5 de la localidad de Loreto de la Provincia de Santiago del Estero forma parte del sistema de educaci\u00f3n p\u00fablica de gesti\u00f3n estatal. A trav\u00e9s de este sitio en Internet, nuestro Instituto comunicara &#8230; <a title=\"Instituto de Formaci\u00f3n Docente N\u00b0 5\" class=\"read-more\" href=\"https:\/\/ifd5-sgo.infd.edu.ar\/sitio\/\" aria-label=\"More on Instituto de Formaci\u00f3n Docente N\u00b0 5\">[+]<\/a><\/p>\n","protected":false},"author":1,"featured_media":0,"parent":0,"menu_order":0,"comment_status":"closed","ping_status":"closed","template":"","meta":[],"acf":[],"_links":{"self":[{"href":"https:\/\/ifd5-sgo.infd.edu.ar\/sitio\/wp-json\/wp\/v2\/pages\/286"}],"collection":[{"href":"https:\/\/ifd5-sgo.infd.edu.ar\/sitio\/wp-json\/wp\/v2\/pages"}],"about":[{"href":"https:\/\/ifd5-sgo.infd.edu.ar\/sitio\/wp-json\/wp\/v2\/types\/page"}],"author":[{"embeddable":true,"href":"https:\/\/ifd5-sgo.infd.edu.ar\/sitio\/wp-json\/wp\/v2\/users\/1"}],"replies":[{"embeddable":true,"href":"https:\/\/ifd5-sgo.infd.edu.ar\/sitio\/wp-json\/wp\/v2\/comments?post=286"}],"version-history":[{"count":92,"href":"https:\/\/ifd5-sgo.infd.edu.ar\/sitio\/wp-json\/wp\/v2\/pages\/286\/revisions"}],"predecessor-version":[{"id":861,"href":"https:\/\/ifd5-sgo.infd.edu.ar\/sitio\/wp-json\/wp\/v2\/pages\/286\/revisions\/861"}],"wp:attachment":[{"href":"https:\/\/ifd5-sgo.infd.edu.ar\/sitio\/wp-json\/wp\/v2\/media?parent=286"}],"curies":[{"name":"wp","href":"https:\/\/api.w.org\/{rel}","templated":true}]}}