{"id":814,"date":"2018-08-31T18:11:56","date_gmt":"2018-08-31T21:11:56","guid":{"rendered":"https:\/\/ifd5-sgo.infd.edu.ar\/sitio\/ofertas-historicas\/"},"modified":"2025-04-17T23:33:27","modified_gmt":"2025-04-18T02:33:27","slug":"ofertas-historicas","status":"publish","type":"page","link":"https:\/\/ifd5-sgo.infd.edu.ar\/sitio\/ofertas-historicas\/","title":{"rendered":"Oferta Acad\u00e9mica"},"content":{"rendered":"<h3><em><strong>Formaci\u00f3n Docente\u00a0<\/strong><\/em><\/h3>\n<h5 class=\"entry-title\">PROFESORADO DE EDUCACI\u00d3N SECUNDARIA EN HISTORIA EN LENGUA Y LITERATURA (4 A\u00d1OS)<\/h5>\n<h5 class=\"entry-title\">PROFESORADO DE EDUCACI\u00d3N SECUNDARIA EN HISTORIA (4 A\u00d1OS)<\/h5>\n<h5 class=\"entry-title\">PROFESORADO DE EDUCACI\u00d3N SECUNDARIA EN MATEM\u00c1TICA (4 A\u00d1OS)<\/h5>\n<h5>Profesorado en Educaci\u00f3n Primaria con Orientaci\u00f3n Rural (4 a\u00f1os)<\/h5>\n<h3><em><strong>Formaci\u00f3n T\u00e9cnica\u00a0<\/strong><\/em><\/h3>\n<h4>Tecnicatura Superior en Enfermer\u00eda (3 a\u00f1os)<\/h4>\n","protected":false},"excerpt":{"rendered":"<p>Formaci\u00f3n Docente\u00a0 PROFESORADO DE EDUCACI\u00d3N SECUNDARIA EN HISTORIA EN LENGUA Y LITERATURA (4 A\u00d1OS) PROFESORADO DE EDUCACI\u00d3N SECUNDARIA EN HISTORIA (4 A\u00d1OS) PROFESORADO DE EDUCACI\u00d3N SECUNDARIA EN MATEM\u00c1TICA (4 A\u00d1OS) Profesorado en Educaci\u00f3n Primaria con Orientaci\u00f3n Rural (4 a\u00f1os) Formaci\u00f3n T\u00e9cnica\u00a0 Tecnicatura Superior en Enfermer\u00eda (3 a\u00f1os)<\/p>\n","protected":false},"author":48,"featured_media":0,"parent":0,"menu_order":0,"comment_status":"closed","ping_status":"closed","template":"","meta":[],"acf":[],"_links":{"self":[{"href":"https:\/\/ifd5-sgo.infd.edu.ar\/sitio\/wp-json\/wp\/v2\/pages\/814"}],"collection":[{"href":"https:\/\/ifd5-sgo.infd.edu.ar\/sitio\/wp-json\/wp\/v2\/pages"}],"about":[{"href":"https:\/\/ifd5-sgo.infd.edu.ar\/sitio\/wp-json\/wp\/v2\/types\/page"}],"author":[{"embeddable":true,"href":"https:\/\/ifd5-sgo.infd.edu.ar\/sitio\/wp-json\/wp\/v2\/users\/48"}],"replies":[{"embeddable":true,"href":"https:\/\/ifd5-sgo.infd.edu.ar\/sitio\/wp-json\/wp\/v2\/comments?post=814"}],"version-history":[{"count":2,"href":"https:\/\/ifd5-sgo.infd.edu.ar\/sitio\/wp-json\/wp\/v2\/pages\/814\/revisions"}],"predecessor-version":[{"id":899,"href":"https:\/\/ifd5-sgo.infd.edu.ar\/sitio\/wp-json\/wp\/v2\/pages\/814\/revisions\/899"}],"wp:attachment":[{"href":"https:\/\/ifd5-sgo.infd.edu.ar\/sitio\/wp-json\/wp\/v2\/media?parent=814"}],"curies":[{"name":"wp","href":"https:\/\/api.w.org\/{rel}","templated":true}]}}